 + 4. Suppose 4*j = d*b + 204, -2*b = -1 - 5. What is the tens digit of j?
5
Suppose -113*h - 56 = -109*h. What is the tens digit of ((-7)/h + 0)*1522?
6
Suppose -3*n - 3*m = -n + 53, -2*m = -4*n - 130. Let j be 1 - (-1 + 7) - (20 - -12). Let i = n - j. What is the units digit of i?
6
Let m(d) = -7*d**2 - 44*d - 10. Let j be m(-6). What is the tens digit of -45*(-40 + 5 + j)?
8
Let m(v) = v**2 + 42*v - 275. What is the units digit of m(-106)?
9
Let d be (-1)/((-3)/12) - 0. Suppose -d*x + 5 = -c - 12, -x + 3 = c. Suppose -2*m = -x*m + 190. What is the tens digit of m?
9
Suppose -147*l + 9877131 - 2169684 = 150*l. What is the hundreds digit of l?
9
Suppose -239*l + 725456 + 1029217 - 294861 = 0. What is the hundreds digit of l?
1
Suppose -2 = 2*l + 3*w, -3*w - 2 = -8. Let f(c) = -2*c**3 - 2*c**2 - 24*c - 3. What is the hundreds digit of f(l)?
1
Let p(g) = -4*g**3 + 80*g**2 + 7. Let h be p(20). Suppose -310 - 901 = -h*d. What is the units digit of d?
3
Suppose -41 + 11 = -6*f. Suppose -4*k + 5*n + 4880 = 0, -f*k + 5840 = -3*n - 260. What is the units digit of k?
0
Let b(t) = 2*t**3 + 88*t**2 - 73*t - 58. What is the hundreds digit of b(-35)?
5
Suppose 3*z + 5*z - 433993 = 231391. What is the ten thousands digit of z?
8
Let b = 31472 - 17375. Suppose -10*r = -b - 743. What is the thousands digit of r?
1
Let j(l) = 97*l - 1. Suppose 0 = -2*z + 57 - 285. Let u = z + 115. What is the tens digit of j(u)?
9
Let g(j) be the first derivative of 17*j**3/3 + 35*j**2/2 + 142*j + 162. What is the units digit of g(-8)?
0
Let s(y) = 622*y + 893. What is the units digit of s(15)?
3
Suppose -f = 3*l - 0*l + 12, -4*l = 12. Let x(t) = -11*t**3 - 3*t**2 - 3*t + 3. What is the units digit of x(f)?
2
Suppose 12*f + 5 = 13*f. Suppose 3*j + f*p = 1887 - 130, p = 4*j - 2381. What is the units digit of j?
4
Let v be 10/8*(9 - 5). Suppose 4*m + 5*x - 2*x + 9 = 0, v*x = 2*m + 11. What is the tens digit of (324/(-3))/(-2) + m?
5
Let l = -805 - -1501. What is the hundreds digit of l?
6
Suppose 0 = -16*f - 36 + 20. What is the units digit of 12/4 - f - (14 + -301)?
1
Let l be ((-18)/(-4) + -5)*-12. Suppose 2*p - y - 195 = 0, l*p - 3*p - 275 = 5*y. What is the hundreds digit of p?
1
Suppose 5*s + 2*t - 1486 = 0, t + 368 = 5*s - 1124. Suppose -2*p + f = -1031, -p + 5*f = -s - 240. What is the tens digit of p?
1
Let j = 928 - -1353. What is the thousands digit of j?
2
Let o = 62 - 62. Suppose 8*i - 3*i - 25 = 0. Suppose o = -i*l + l + 228. What is the tens digit of l?
5
What is the units digit of (-12)/26 + (-14288517)/(-611)?
5
Let p(u) = 4*u**2 - 59*u - 64. Let o be p(35). Suppose -o = -13*g + 7473. What is the tens digit of g?
8
Let g be 28/(-5)*(3 + 114/12). Let a = 97 + g. What is the units digit of a?
7
What is the tens digit of ((-5)/2)/(20*(-4)/61888)?
3
Let y(z) = 4*z**2 + 31*z + 20. Let c be y(-9). Let j = 36 + 69. Suppose s - c = j. What is the hundreds digit of s?
1
Let y = 4269 + -497. What is the tens digit of y?
7
Let n be (2 + 25/(-10))*-10. Suppose 3*m = -2*l + 6*l - 827, 819 = 4*l + n*m. Let c = l - 102. What is the units digit of c?
4
Let r = -31 + 761. Suppose -4*s = 2*y - 0*y - 964, 3*s - r = -5*y. Suppose 8*x + 4*x - s = 0. What is the tens digit of x?
2
What is the tens digit of 1240/1 - (148 + -127)?
1
Let j(r) = -18*r + 11. Suppose -h - 4*o = -6*h - 89, 5*h + 97 = 2*o. Let m = h + 14. What is the tens digit of j(m)?
3
Let n = 72080 - 26682. What is the ten thousands digit of n?
4
Let x(d) = -8*d - 20. Let m be x(-9). Let n = 63 - m. Suppose -n*a = -5*a - 18. What is the units digit of a?
3
Let r(g) = 3*g**3 - 4*g**2 + 3*g - 2. Let u be r(2). Let h = u + 40. Let f = h + -14. What is the tens digit of f?
3
Let g(w) = -w**3 - 28*w - 7. Let m be g(-8). Let l = 1061 - m. What is the units digit of l?
2
Let p = -35 + 25. Let u be ((-6)/(-4))/(-11 + (-168)/(-16)). What is the hundreds digit of ((-38)/p + u)*(-305)/(-2)?
1
Suppose 27 = -10*z + 9*z. Let h = z + 27. Suppose 6*m - 58 - 146 = h. What is the units digit of m?
4
Let v(m) = 234*m**2 + 48*m - 15. What is the tens digit of v(-4)?
3
Let z = 1539 - -5881. What is the thousands digit of z?
7
Suppose -16*h - 240157 = -47*h. What is the units digit of h/244*(11 - -1)?
1
Let p be (70/15 + -2)/((-4)/(-6)). Suppose 2*v = -p*v - 132. Let x = v - -24. What is the units digit of x?
2
Let s(r) = 6*r**2 - 8*r + 8. Let o be (-77)/(-11) + 2*(-1 - 0). Suppose o*y - 41 + 16 = 0. What is the units digit of s(y)?
8
Let h = 55 + -51. What is the hundreds digit of (h + -7)*(-2605)/15?
5
Suppose 128 = 6*a - 14*a. What is the units digit of a/24*4/(16/(-3684))?
4
Suppose 4*f = -53 + 193. Suppose 50*t - f*t = 330. What is the tens digit of t?
2
Suppose 0 = -4*s + 2*m + 6, 3 = 5*m - 2. Let b be -2*s + (4 - -833). Suppose 0 = 5*i + g - b, -2*i = 2*g - 527 + 197. What is the units digit of i?
7
Let a(n) = 52*n**3 - 34*n**2 + 6*n - 32. What is the units digit of a(7)?
0
Let i(t) be the second derivative of t**3 - 17*t - 11/6*t**4 + 0 + 1/20*t**5 - 29/2*t**2. What is the hundreds digit of i(22)?
1
Let y be (-3 + -2)*((-1056)/(-10))/4. What is the hundreds digit of (-1)/(-4) - 102531/y?
7
Let o = 4 - 24. What is the units digit of ((-285)/o)/((-18)/(-456))?
1
Let z(j) = 1998*j**2 - j + 20. What is the hundreds digit of z(-2)?
0
Let c be (-8)/10*(6 + (-38262)/12). Suppose -5*x = 2*s - 1025, 4*s + s - 4*x = c. What is the tens digit of (-3 + s/3)/(2/2)?
6
Suppose 0 = -2*n - 103 + 777. Let a = n - 185. What is the units digit of a?
2
Let h(i) = -i**3 + 6*i**2 - 4*i - 5. Let k be h(5). Let d be (5 - k)*84/(-10). Let x = d - -51. What is the units digit of x?
9
Let w(l) = 3*l - 16. Let c be w(-7). Let g = c - -38. Let m(j) = 100*j**2 - 2*j + 2. What is the tens digit of m(g)?
0
Let c be (-803)/33*42*-1. Let t = 1746 - c. What is the hundreds digit of t?
7
Suppose 39*i = 38*i + 58*i - 2993013. What is the thousands digit of i?
2
Let a(s) = s**2 - 1. Let f(h) = -9 - 2*h**3 + 5*h**3 - 2*h**3 + h. Let u(t) = -4*a(t) + f(t). What is the tens digit of u(6)?
7
Suppose 2*o + o = m - 15, 4*m - 3*o - 60 = 0. Let r be (14/6 - 1)/(2/m). What is the tens digit of (4 - r)*38/(-12)?
1
Suppose -5*d - s - 25 = 4*s, 0 = -5*d - 2*s - 31. Let n(g) = -g**3 + 2*g**2 + 46*g - 16. What is the units digit of n(d)?
3
Suppose 54*c - 9105761 = -175*c - 3242674. What is the ten thousands digit of c?
2
Let o(h) = 324*h - 1302. What is the hundreds digit of o(28)?
7
Suppose 2*j + 2*j = 32. Suppose 3*m = j*m - 595. Suppose 4*v - 97 = -4*u + m, -4*v = 5*u - 269. What is the tens digit of u?
5
Suppose 0*g + 5*g + 305 = 0. Let f be 7 + 2524/14 + -4*(-3)/(-42). Let s = f - g. What is the units digit of s?
8
Let l = -4684 + 14807. What is the thousands digit of l?
0
Suppose -g + 4 = 0, 4*q - 10*g + 8*g + 964 = 0. Let i = q + 889. What is the tens digit of i?
5
Let c(u) = u - 18. Let h be c(22). Suppose 242 = h*k + 50. What is the tens digit of k?
4
Let c(n) = 3*n + 12. Let j be c(-12). Let d be (-1*1002/(-8))/((-9)/j). Suppose 12*w - 578 = d. What is the tens digit of w?
7
Suppose 6237 = z + 4*z - 2*h, -3*z + 4*h = -3745. Suppose -z = -5*c + 1318. What is the units digit of c?
3
Let h = 4242 + -1280. Suppose 0 = 4*b - c - h, -1129 - 1083 = -3*b - 4*c. What is the hundreds digit of b?
7
Let q = 3328 - -5354. What is the units digit of q?
2
Let k(d) = 6*d**2 + 3*d - 5. Let x(h) = h**3 + 5*h**2 - 7*h + 1. Let w be x(-5). Let a = -31 + w. What is the hundreds digit of k(a)?
1
Suppose 14*s + 9*s - 345 = 0. Suppose -s*t + 8530 = -5*t. What is the tens digit of t?
5
Let v = -61 - -58. What is the units digit of (18 - -929) + v/(-1)?
0
Let x(u) = 1655*u**2 - 108*u - 21. What is the units digit of x(-4)?
1
Let r = 95 - 99. What is the tens digit of 10/40 + (-851)/r?
1
Let p(n) = 3*n**2 + 48*n + 16. Let f = 489 - 480. What is the tens digit of p(f)?
9
Suppose 72 = h - 398. Let w = h + -182. Suppose 3*q - 3*o = -0*q + 891, w = q - 4*o. What is the units digit of q?
0
Suppose -9*f + 157 + 122 = 0. Let y(u) = 35*u - 198. What is the hundreds digit of y(f)?
8
Let x be 4/7 + (-102)/(-42). Suppose -x*h = f - 344, 541 - 93 = 4*h - 4*f. Suppose -4*t + h = -62. What is the units digit of t?
4
Let a be (3 - -2)/5*3. Suppose -2*l + 5*l - a = 0. What is the tens digit of l*(9/(-6))/3*-284?
4